 is the highest common divisor of 9273 and 33?
33
What is the greatest common factor of 60708 and 12?
12
What is the highest common divisor of 134 and 2?
2
What is the highest common divisor of 725 and 29?
29
Calculate the highest common factor of 124 and 4.
4
What is the greatest common divisor of 24 and 176?
8
What is the greatest common divisor of 12 and 186?
6
What is the greatest common factor of 225 and 18?
9
Calculate the highest common divisor of 20 and 50.
10
What is the highest common factor of 12 and 144?
12
Calculate the highest common factor of 42 and 114.
6
Calculate the highest common divisor of 10 and 32.
2
Calculate the greatest common divisor of 920 and 3496.
184
What is the greatest common factor of 10 and 22670?
10
What is the greatest common factor of 1909 and 249?
83
What is the greatest common divisor of 153 and 9?
9
Calculate the greatest common divisor of 7500 and 60.
60
Calculate the greatest common factor of 8 and 10420.
4
What is the greatest common factor of 1136 and 32?
16
Calculate the greatest common factor of 74 and 5402.
74
What is the greatest common divisor of 937 and 2?
1
Calculate the greatest common factor of 177 and 649.
59
Calculate the highest common factor of 194 and 16.
2
What is the highest common factor of 111 and 1184?
37
Calculate the highest common factor of 132 and 429.
33
Calculate the highest common factor of 1 and 600.
1
Calculate the greatest common divisor of 54 and 252.
18
Calculate the highest common divisor of 608 and 38.
38
What is the greatest common factor of 1463 and 247?
19
What is the highest common factor of 16 and 40?
8
What is the highest common factor of 171 and 399?
57
Calculate the highest common divisor of 517 and 423.
47
What is the highest common factor of 1533 and 21?
21
What is the highest common divisor of 310 and 2635?
155
Calculate the highest common factor of 24 and 7620.
12
What is the greatest common factor of 172 and 2752?
172
Calculate the highest common factor of 1215 and 75.
15
What is the highest common factor of 2535 and 15?
15
What is the highest common factor of 70 and 12780?
10
What is the highest common divisor of 56 and 6104?
56
Calculate the highest common factor of 42 and 448.
14
Calculate the greatest common divisor of 27 and 18.
9
What is the greatest common factor of 735 and 1260?
105
Calculate the highest common divisor of 125 and 10375.
125
What is the greatest common factor of 30 and 6735?
15
Calculate the highest common divisor of 350 and 448.
14
Calculate the greatest common factor of 24 and 78.
6
Calculate the greatest common factor of 295 and 3481.
59
What is the greatest common factor of 2 and 49?
1
Calculate the greatest common factor of 88 and 33.
11
Calculate the highest common factor of 9204 and 472.
236
What is the highest common divisor of 154 and 77?
77
What is the highest common divisor of 28 and 1414?
14
Calculate the highest common divisor of 200 and 520.
40
What is the highest common divisor of 806 and 260?
26
Calculate the highest common divisor of 3550 and 150.
50
What is the greatest common divisor of 1325 and 95?
5
Calculate the greatest common factor of 14 and 7406.
14
Calculate the greatest common divisor of 236 and 15458.
118
Calculate the highest common divisor of 1650 and 20.
10
What is the greatest common divisor of 69 and 184?
23
What is the highest common factor of 18 and 288?
18
Calculate the greatest common divisor of 31 and 11563.
31
What is the greatest common factor of 8433 and 18?
9
What is the highest common divisor of 1990 and 10?
10
Calculate the greatest common divisor of 795 and 14469.
159
Calculate the highest common divisor of 228 and 12.
12
What is the highest common divisor of 50 and 250?
50
Calculate the highest common factor of 16949 and 17.
17
Calculate the greatest common factor of 27 and 1413.
9
What is the highest common divisor of 1807 and 556?
139
Calculate the greatest common factor of 11 and 2453.
11
Calculate the greatest common divisor of 100 and 40.
20
What is the greatest common factor of 21 and 1995?
21
What is the greatest common factor of 32 and 216?
8
Calculate the highest common factor of 9 and 3249.
9
Calculate the greatest common factor of 225 and 2880.
45
Calculate the greatest common factor of 82 and 10.
2
What is the highest common factor of 928 and 58?
58
Calculate the greatest common divisor of 48 and 18.
6
Calculate the highest common divisor of 30984 and 48.
24
Calculate the greatest common divisor of 422 and 6.
2
What is the greatest common divisor of 21 and 672?
21
Calculate the greatest common factor of 352 and 128.
32
What is the highest common divisor of 2576 and 276?
92
What is the greatest common divisor of 7850 and 100?
50
Calculate the highest common factor of 24 and 264.
24
What is the highest common factor of 300 and 36?
12
Calculate the greatest common divisor of 130 and 819.
13
What is the highest common divisor of 918 and 34?
34
Calculate the highest common factor of 806 and 104.
26
What is the greatest common divisor of 544 and 32?
32
What is the highest common divisor of 756 and 336?
84
What is the highest common factor of 55 and 20?
5
What is the highest common factor of 38 and 684?
38
What is the highest common divisor of 11 and 10527?
11
What is the highest common factor of 560 and 266?
14
Calculate the greatest common factor of 15 and 25.
5
Calculate the highest common factor of 1636 and 12.
4
Calculate the highest common factor of 752 and 282.
94
Calculate the highest common divisor of 441 and 1617.
147
Calculate the greatest common divisor of 412 and 1339.
103
What is the highest common divisor of 96 and 1312?
32
Calculate the highest common divisor of 3502 and 221.
17
Calculate the greatest common divisor of 2034 and 18.
18
Calculate the greatest common divisor of 17300 and 50.
50
Calculate the greatest common divisor of 1664 and 384.
128
What is the highest common factor of 11 and 8525?
11
What is the highest common divisor of 6144 and 18?
6
Calculate the greatest common factor of 752 and 64.
16
What is the greatest common divisor of 86 and 16942?
86
What is the greatest common divisor of 80 and 368?
16
Calculate the greatest common factor of 69 and 69.
69
What is the greatest common factor of 34093 and 103?
103
What is the greatest common factor of 32776 and 136?
136
What is the greatest common divisor of 52 and 8?
4
What is the greatest common factor of 2378 and 174?
58
Calculate the greatest common divisor of 57 and 6.
3
What is the highest common factor of 325 and 50?
25
Calculate the greatest common factor of 1053 and 39.
39
Calculate the greatest common divisor of 15 and 2.
1
What is the highest common factor of 65 and 38415?
65
Calculate the greatest common factor of 14 and 70.
14
What is the greatest common factor of 289 and 119?
17
What is the greatest common divisor of 1 and 1093?
1
Calculate the highest common divisor of 153 and 34.
17
Calculate the greatest common divisor of 444 and 36.
12
Calculate the highest common factor of 510 and 1650.
30
Calculate the highest common divisor of 642 and 72.
6
What is the greatest common factor of 33 and 99?
33
What is the highest common factor of 3 and 939?
3
What is the highest common factor of 80 and 48?
16
What is the greatest common factor of 168 and 128?
8
Calculate the greatest common divisor of 22 and 704.
22
Calculate the greatest common factor of 2 and 23.
1
What is the highest common factor of 738 and 72?
18
What is the greatest common divisor of 20 and 8?
4
Calculate the greatest common factor of 170 and 135.
5
What is the greatest common factor of 3969 and 243?
81
What is the greatest common factor of 7009 and 43?
43
What is the highest common factor of 35 and 91?
7
What is the greatest common factor of 600 and 192?
24
What is the greatest common divisor of 115 and 5?
5
Calculate the greatest common factor of 915 and 300.
15
What is the greatest common factor of 798 and 42?
42
What is the greatest common factor of 2384 and 16?
16
Calculate the highest common factor of 32 and 20.
4
Calculate the greatest common divisor of 11 and 209.
11
What is the highest common factor of 99 and 5841?
99
What is the highest common divisor of 2977 and 26?
13
What is the highest common factor of 4 and 11